{"id":120,"date":"2023-09-04T16:30:37","date_gmt":"2023-09-04T16:30:37","guid":{"rendered":"https:\/\/loja3pontos.com.br\/?post_type=product&#038;p=120"},"modified":"2025-03-10T20:24:58","modified_gmt":"2025-03-10T20:24:58","slug":"ritual-e-instrucoes-de-mestre-macom-reaa-1974","status":"publish","type":"product","link":"https:\/\/loja3pontos.com.br\/index.php\/produto\/ritual-e-instrucoes-de-mestre-macom-reaa-1974\/","title":{"rendered":"Ritual e Instru\u00e7\u00f5es de Mestre Ma\u00e7om REAA &#8211; 1974"},"content":{"rendered":"<p>O grau de Mestre na Ma\u00e7onaria Especulativa &#8211; Cria\u00e7\u00e3o do 3 Grau Ma\u00e7\u00f4nico &#8211; A Ma\u00e7onaria Inglesa do s\u00e9culo XVII e a pol\u00edtica dos partid\u00e1rios dos Stuarts &#8211; As &#8220;Compagnonnages&#8221; francesas e a lenda do assassinato do &#8220;Mestre Jacques&#8221; &#8211; A verdadeira ac\u00e1cia e sua flor &#8211; O Quadr\u00e2ngulo Mosaico &#8211; Ritual do Mestre-Ma\u00e7om &#8211; Preliminares &#8211; Da Loja de Mestre &#8211; Dos T\u00edtulos &#8211; Indument\u00e1ria &#8211; Prepara\u00e7\u00e3o do Candidato &#8211; Cobridor do Grau &#8211; Abertura dos trabalhos &#8211; Inicia\u00e7\u00e3o &#8211; Encerramento dos trabalhos &#8211; Painel da Loja de Mestre &#8211; Catecismo do Mestre &#8211; Os mist\u00e9rios do n\u00famero &#8220;sete&#8221; &#8211; A Trindade Seten\u00e1ria &#8211; A Octoada solar &#8211; A En\u00e9ada ou Tr\u00edplice Tern\u00e1rio &#8211; A D\u00e9cada &#8211; O N\u00famero Onze &#8211; O Duoden\u00e1rio &#8211; O s doze Pentaclos &#8211; Gravuras.<\/p>\n","protected":false},"excerpt":{"rendered":"<p>O grau de Mestre na Ma\u00e7onaria Especulativa &#8211; Cria\u00e7\u00e3o do 3 Grau Ma\u00e7\u00f4nico &#8211; A Ma\u00e7onaria Inglesa do s\u00e9culo XVII e a pol\u00edtica dos partid\u00e1rios dos Stuarts &#8211; As &#8220;Compagnonnages&#8221; francesas e a lenda do assassinato do &#8220;Mestre Jacques&#8221; &#8211; A verdadeira ac\u00e1cia e sua flor &#8211; O Quadr\u00e2ngulo Mosaico &#8211; Ritual do Mestre-Ma\u00e7om &#8211; [&hellip;]<\/p>\n","protected":false},"featured_media":163,"comment_status":"open","ping_status":"closed","template":"","meta":[],"product_brand":[],"product_cat":[24],"product_tag":[],"class_list":{"0":"post-120","1":"product","2":"type-product","3":"status-publish","4":"has-post-thumbnail","6":"product_cat-sem-categoria","8":"first","9":"instock","10":"taxable","11":"shipping-taxable","12":"purchasable","13":"product-type-simple"},"_links":{"self":[{"href":"https:\/\/loja3pontos.com.br\/index.php\/wp-json\/wp\/v2\/product\/120","targetHints":{"allow":["GET"]}}],"collection":[{"href":"https:\/\/loja3pontos.com.br\/index.php\/wp-json\/wp\/v2\/product"}],"about":[{"href":"https:\/\/loja3pontos.com.br\/index.php\/wp-json\/wp\/v2\/types\/product"}],"replies":[{"embeddable":true,"href":"https:\/\/loja3pontos.com.br\/index.php\/wp-json\/wp\/v2\/comments?post=120"}],"version-history":[{"count":1,"href":"https:\/\/loja3pontos.com.br\/index.php\/wp-json\/wp\/v2\/product\/120\/revisions"}],"predecessor-version":[{"id":164,"href":"https:\/\/loja3pontos.com.br\/index.php\/wp-json\/wp\/v2\/product\/120\/revisions\/164"}],"wp:featuredmedia":[{"embeddable":true,"href":"https:\/\/loja3pontos.com.br\/index.php\/wp-json\/wp\/v2\/media\/163"}],"wp:attachment":[{"href":"https:\/\/loja3pontos.com.br\/index.php\/wp-json\/wp\/v2\/media?parent=120"}],"wp:term":[{"taxonomy":"product_brand","embeddable":true,"href":"https:\/\/loja3pontos.com.br\/index.php\/wp-json\/wp\/v2\/product_brand?post=120"},{"taxonomy":"product_cat","embeddable":true,"href":"https:\/\/loja3pontos.com.br\/index.php\/wp-json\/wp\/v2\/product_cat?post=120"},{"taxonomy":"product_tag","embeddable":true,"href":"https:\/\/loja3pontos.com.br\/index.php\/wp-json\/wp\/v2\/product_tag?post=120"}],"curies":[{"name":"wp","href":"https:\/\/api.w.org\/{rel}","templated":true}]}}