{"id":1749,"date":"2023-09-04T16:39:52","date_gmt":"2023-09-04T16:39:52","guid":{"rendered":"https:\/\/loja3pontos.com.br\/?post_type=product&#038;p=1749"},"modified":"2023-09-04T16:39:57","modified_gmt":"2023-09-04T16:39:57","slug":"novo-manual-do-rito-moderno-companheiro","status":"publish","type":"product","link":"https:\/\/loja3pontos.com.br\/index.php\/produto\/novo-manual-do-rito-moderno-companheiro\/","title":{"rendered":"Novo manual do rito moderno COMPANHEIRO"},"content":{"rendered":"<p>Instru\u00e7\u00e3o do 2 Grau &#8211; .:S.:C? &#8211; Que significa esta 1.: &#8211; Que \u00e9 Gera\u00e7\u00e3o &#8211; Que \u00e9 Gratid\u00e3o &#8211; Que \u00e9 Geometria &#8211; Que \u00e9 G\u00eanio &#8211; Que \u00e9 Gnose &#8211; Como fostes recebido Companheiro &#8211; Qual o sentido geral dessas viagens &#8211; Que significa a primeira viagem &#8211; Que significa a segunda viagem &#8211; Que significa a terceira viagem &#8211; Que significa a quarta viagem &#8211; Que significa a quinta viagem &#8211; Depois das cinco viagens, que vos fizeram praticar &#8211; Que significa esse emblema &#8211; Qual \u00e9 o dever do Companheiro &#8211; Como se fazem reconhecer os CComp.: &#8211; Que significa essa p.: &#8211; Fazei o sinal &#8211; Dai o t.: de vossa coluna &#8211; dai-me a p.:sagr.: &#8211; Que significa esta p.: &#8211; Por que o n\u00famero cinco caracteriza o grau de Companheiro &#8211; O que significa o cord\u00e3o, terminado por duas bordas rendilhadas que rodeia o Templo &#8211; Por que os CComp.: sentam-se ao Sul &#8211; Por que os AApr.: tem a abeta do avental levantada, e os CComp.: a t\u00eam abaixada &#8211; Que idade tendes &#8211; Como trabalhais sob a dire\u00e7\u00e3o dos MM.:MM.: &#8211; Recebestes vosso sal\u00e1rio &#8211; Onde o recebestes &#8211; Nada mais esperais dos vossos IIrm.: &#8211; A Franco-Ma\u00e7onaria como institui\u00e7\u00e3o Inici\u00e1tica &#8211; Mist\u00e9rios da \u00cdndia &#8211; Mist\u00e9rios do Egito &#8211; Mist\u00e9rios dos Cabirios &#8211; Mist\u00e9rios dos Cabirios da Somatr\u00e1cia &#8211; Mist\u00e9rios Gregos &#8211; Mist\u00e9rios Judaicos &#8211; Mist\u00e9rios Mitricos &#8211; Car\u00e1ter sacrificial &#8211; Car\u00e1ter Dogm\u00e1tico &#8211; Car\u00e1ter revelado &#8211; Car\u00e1ter salv\u00edfico &#8211; Paradigmas hist\u00f3ricos da franco-Ma\u00e7onaria &#8211; Considera\u00e7\u00f5es Preliminares &#8211; As influ\u00eancias recebidas &#8211; pela Franco-Ma\u00e7onaria &#8211; A Franco-Ma\u00e7onaria do s\u00e9culo XXi e os Paradigmas Hist\u00f3ricos &#8211; Apontamentos sobre as origens da franco-Ma\u00e7onaria &#8211; A Teoria da Transi\u00e7\u00e3o &#8211; A Teoria di Nascimento original &#8211; A Teoria da conspira\u00e7\u00e3o &#8211; A Teoria da Base Religiosa &#8211; filosofia &#8211; Cerne da Ma\u00e7onaria &#8211; No\u00e7\u00f5es fundamentais de Dial\u00e9tica &#8211; Por que Dial\u00e9tica &#8211; A dial\u00e9tica em Kant &#8211; A dial\u00e9tica em Hegel A dial\u00e9tica em Marx &#8211; A estrutura do m\u00e9todo dial\u00e9tico &#8211; 1 Lei: A\u00e7\u00e3o rec\u00edproca &#8211; 2 Lei: Mudan\u00e7a dial\u00e9tica &#8211; 3 Lei: Mudan\u00e7a Qualitativa &#8211; 4 Lei &#8211; Interpenetra\u00e7\u00e3o dos contr\u00e1rios &#8211; contradi\u00e7\u00e3o ou luta dos contr\u00e1rios &#8211; Conclus\u00e3o &#8211; Rito Moderno e Ceticismo Filos\u00f3fico &#8211; O Universo tem pelo menos 156 bilh\u00f5es de anos-luz &#8211; Reflex\u00f5es sobre Franco-Ma\u00e7onaria e Raz\u00e3o &#8211; Rito Moderno, Agn\u00f3stico ou adogm\u00e1tico &#8211; O que \u00e9 um dogma &#8211; O C\u00f3digo de Direito Can\u00f4nico &#8211; O problema da forma\u00e7\u00e3o &#8211; Id\u00e9ias para o crescimento saud\u00e1vel das Lojas Ma\u00e7\u00f4nicas &#8211; O Avental Ma\u00e7\u00f4nico &#8211; As origens e o desenvolvimento do avental ma\u00e7\u00f4nico &#8211; Fitas azuis &#8211; Pend\u00f5es &#8211; Rosetas &#8211; Os aventais franceses &#8211; A problem\u00e1tica dos aventais e paramentos ma\u00e7\u00f4nicos no Brasil &#8211; O simbolismo do avental &#8211; O Painel simb\u00f3lico do Grau de Companheiro &#8211; Descri\u00e7\u00e3o do Painel de companheiro &#8211; As colunas &#8211; Os Globos &#8211; A Pedra Bruta &#8211; Pedra C\u00fabica &#8211; O Malho &#8211; O Cinzel &#8211; A trolha &#8211; a alavanca &#8211; A r\u00e9gua &#8211; O espadim &#8211; O Prumo &#8211; A Prancha de tra\u00e7ar &#8211; A escada de cinco degraus &#8211; A porta fechada &#8211; Esquadro e compasso &#8211; As janelas &#8211; O Sol, a Lua e as Estrelas &#8211; Estrela Flam\u00edgera e Letra G &#8211; Corda de 81 n\u00f3s &#8211; Fraternidade Ma\u00e7\u00f4nica &#8211; Uma li\u00e7\u00e3o aos Companheiros &#8211; O traje no Rito Moderno &#8211; Considera\u00e7\u00f5es legais &#8211; Considera\u00e7\u00f5es hist\u00f3ricas &#8211; Considera\u00e7\u00f5es pessoais &#8211; Uma cr\u00f4nica &#8211; \u00e0 guisa de finaliza\u00e7\u00e3o.<\/p>\n","protected":false},"excerpt":{"rendered":"<p>Instru\u00e7\u00e3o do 2 Grau &#8211; .:S.:C? &#8211; Que significa esta 1.: &#8211; Que \u00e9 Gera\u00e7\u00e3o &#8211; Que \u00e9 Gratid\u00e3o &#8211; Que \u00e9 Geometria &#8211; Que \u00e9 G\u00eanio &#8211; Que \u00e9 Gnose &#8211; Como fostes recebido Companheiro &#8211; Qual o sentido geral dessas viagens &#8211; Que significa a primeira viagem &#8211; Que significa a segunda viagem [&hellip;]<\/p>\n","protected":false},"featured_media":1786,"comment_status":"open","ping_status":"closed","template":"","meta":[],"product_brand":[],"product_cat":[24],"product_tag":[],"class_list":{"0":"post-1749","1":"product","2":"type-product","3":"status-publish","4":"has-post-thumbnail","6":"product_cat-sem-categoria","8":"first","9":"instock","10":"taxable","11":"shipping-taxable","12":"purchasable","13":"product-type-simple"},"_links":{"self":[{"href":"https:\/\/loja3pontos.com.br\/index.php\/wp-json\/wp\/v2\/product\/1749","targetHints":{"allow":["GET"]}}],"collection":[{"href":"https:\/\/loja3pontos.com.br\/index.php\/wp-json\/wp\/v2\/product"}],"about":[{"href":"https:\/\/loja3pontos.com.br\/index.php\/wp-json\/wp\/v2\/types\/product"}],"replies":[{"embeddable":true,"href":"https:\/\/loja3pontos.com.br\/index.php\/wp-json\/wp\/v2\/comments?post=1749"}],"version-history":[{"count":1,"href":"https:\/\/loja3pontos.com.br\/index.php\/wp-json\/wp\/v2\/product\/1749\/revisions"}],"predecessor-version":[{"id":1788,"href":"https:\/\/loja3pontos.com.br\/index.php\/wp-json\/wp\/v2\/product\/1749\/revisions\/1788"}],"wp:featuredmedia":[{"embeddable":true,"href":"https:\/\/loja3pontos.com.br\/index.php\/wp-json\/wp\/v2\/media\/1786"}],"wp:attachment":[{"href":"https:\/\/loja3pontos.com.br\/index.php\/wp-json\/wp\/v2\/media?parent=1749"}],"wp:term":[{"taxonomy":"product_brand","embeddable":true,"href":"https:\/\/loja3pontos.com.br\/index.php\/wp-json\/wp\/v2\/product_brand?post=1749"},{"taxonomy":"product_cat","embeddable":true,"href":"https:\/\/loja3pontos.com.br\/index.php\/wp-json\/wp\/v2\/product_cat?post=1749"},{"taxonomy":"product_tag","embeddable":true,"href":"https:\/\/loja3pontos.com.br\/index.php\/wp-json\/wp\/v2\/product_tag?post=1749"}],"curies":[{"name":"wp","href":"https:\/\/api.w.org\/{rel}","templated":true}]}}