{"id":2084,"date":"2023-09-04T16:42:26","date_gmt":"2023-09-04T16:42:26","guid":{"rendered":"https:\/\/loja3pontos.com.br\/?post_type=product&#038;p=2084"},"modified":"2025-05-09T12:36:10","modified_gmt":"2025-05-09T12:36:10","slug":"conselho-de-cavaleiros-kadosch-graus-19-ao-30","status":"publish","type":"product","link":"https:\/\/loja3pontos.com.br\/index.php\/produto\/conselho-de-cavaleiros-kadosch-graus-19-ao-30\/","title":{"rendered":"Conselho de Cavaleiros Kadosch Graus 19 ao 30"},"content":{"rendered":"<p>Graus Filos\u00f3ficos &#8211; Lendas dos Graus, Simbologia, Instru\u00e7\u00f5es e Interpreta\u00e7\u00e3o filos\u00f3fica de cada grau.<\/p>\n","protected":false},"excerpt":{"rendered":"<p>Graus Filos\u00f3ficos &#8211; Lendas dos Graus, Simbologia, Instru\u00e7\u00f5es e Interpreta\u00e7\u00e3o filos\u00f3fica de cada grau.<\/p>\n","protected":false},"featured_media":2145,"comment_status":"open","ping_status":"closed","template":"","meta":[],"product_brand":[],"product_cat":[131,24],"product_tag":[],"class_list":{"0":"post-2084","1":"product","2":"type-product","3":"status-publish","4":"has-post-thumbnail","6":"product_cat-livros-cds-e-dvds","7":"product_cat-sem-categoria","9":"first","10":"outofstock","11":"taxable","12":"shipping-taxable","13":"purchasable","14":"product-type-simple"},"_links":{"self":[{"href":"https:\/\/loja3pontos.com.br\/index.php\/wp-json\/wp\/v2\/product\/2084","targetHints":{"allow":["GET"]}}],"collection":[{"href":"https:\/\/loja3pontos.com.br\/index.php\/wp-json\/wp\/v2\/product"}],"about":[{"href":"https:\/\/loja3pontos.com.br\/index.php\/wp-json\/wp\/v2\/types\/product"}],"replies":[{"embeddable":true,"href":"https:\/\/loja3pontos.com.br\/index.php\/wp-json\/wp\/v2\/comments?post=2084"}],"version-history":[{"count":1,"href":"https:\/\/loja3pontos.com.br\/index.php\/wp-json\/wp\/v2\/product\/2084\/revisions"}],"predecessor-version":[{"id":2146,"href":"https:\/\/loja3pontos.com.br\/index.php\/wp-json\/wp\/v2\/product\/2084\/revisions\/2146"}],"wp:featuredmedia":[{"embeddable":true,"href":"https:\/\/loja3pontos.com.br\/index.php\/wp-json\/wp\/v2\/media\/2145"}],"wp:attachment":[{"href":"https:\/\/loja3pontos.com.br\/index.php\/wp-json\/wp\/v2\/media?parent=2084"}],"wp:term":[{"taxonomy":"product_brand","embeddable":true,"href":"https:\/\/loja3pontos.com.br\/index.php\/wp-json\/wp\/v2\/product_brand?post=2084"},{"taxonomy":"product_cat","embeddable":true,"href":"https:\/\/loja3pontos.com.br\/index.php\/wp-json\/wp\/v2\/product_cat?post=2084"},{"taxonomy":"product_tag","embeddable":true,"href":"https:\/\/loja3pontos.com.br\/index.php\/wp-json\/wp\/v2\/product_tag?post=2084"}],"curies":[{"name":"wp","href":"https:\/\/api.w.org\/{rel}","templated":true}]}}